 126852046?
False
Does 446 divide 43984520?
True
Is 1309 a factor of 330213576?
True
Is 166 a factor of 256143644?
True
Does 8 divide 21984496?
True
Does 7013 divide 637692090?
True
Is 190442232 even?
True
Is 407 a factor of 61601892?
True
Is 2781299819 a multiple of 3781?
True
Is 288832492 a multiple of 13?
True
Is 393788564 a multiple of 271?
False
Does 571 divide 22265003?
True
Is 834 a factor of 30877076?
False
Is 67889248 a multiple of 28?
True
Is 218 a factor of 97290746?
False
Is 1806 a factor of 33669258?
True
Is 3120484 a multiple of 76?
True
Is 31 a factor of 77719589?
False
Does 77 divide 757464?
False
Does 24 divide 14178384?
True
Is 1180 a factor of 60668520?
True
Is 10 a factor of 383455713?
False
Does 7 divide 130056554?
False
Is 1472813343 a multiple of 334?
False
Is 120616226 a multiple of 115?
False
Does 1150 divide 4248325400?
True
Is 6 a factor of 7371699?
False
Is 334 a factor of 452451141?
False
Is 1467077794 a multiple of 13?
True
Does 5 divide 37911195?
True
Does 77 divide 4058131?
True
Is 226 a factor of 1258967352?
True
Is 2728 a factor of 387530891?
False
Does 201 divide 389756688?
True
Is 2841 a factor of 61916287?
False
Does 46 divide 155851843?
False
Is 531672713 a multiple of 4415?
False
Is 73629402 a multiple of 21?
True
Is 49 a factor of 504854007?
True
Is 14070420 a multiple of 859?
True
Is 219 a factor of 291176268?
True
Is 1277451960 a multiple of 6?
True
Is 10521077 a multiple of 67?
True
Is 83580 a multiple of 3?
True
Is 1722684391 a multiple of 85?
False
Does 1803 divide 99347711?
False
Does 39 divide 21686574?
True
Does 85 divide 57917395?
False
Does 55 divide 836276024?
False
Is 2449838 a multiple of 7?
False
Is 63544980 a multiple of 85?
True
Does 818 divide 2351640?
False
Does 55 divide 183888176?
False
Does 357 divide 528303237?
True
Is 9 a factor of 65130399?
True
Does 82 divide 1979716548?
False
Is 1169010713 a multiple of 31?
True
Is 13193085 a multiple of 15?
True
Does 100 divide 24711904?
False
Does 17 divide 6855403?
True
Is 42 a factor of 2519854890?
True
Is 2271474 a multiple of 106?
True
Does 387 divide 380410551?
True
Is 32 a factor of 405687814?
False
Does 9 divide 440357742?
True
Is 39 a factor of 318506213?
False
Does 4 divide 1725643541?
False
Does 3 divide 707937?
True
Does 156 divide 5300397236?
False
Is 77 a factor of 12549066?
False
Is 558 a factor of 1139065563?
False
Is 320 a factor of 407929280?
True
Is 143115566 a multiple of 5?
False
Is 113 a factor of 19076501?
False
Does 14 divide 9410667?
False
Is 9 a factor of 154606834?
False
Is 80311127 a multiple of 116?
False
Is 46491244 a multiple of 16?
False
Is 17 a factor of 25848517?
True
Is 657254769 a multiple of 73?
False
Is 85349829 a multiple of 1022?
False
Does 1423 divide 74811237?
False
Is 38120585 a multiple of 30?
False
Is 3149614368 a multiple of 486?
True
Does 169 divide 481213304?
True
Is 59221460 a multiple of 764?
True
Is 282 a factor of 1029580308?
True
Does 79 divide 118720268?
False
Is 27761656 a multiple of 173?
True
Is 54 a factor of 1435672620?
True
Does 373 divide 1408851213?
True
Is 54600575 a multiple of 25?
True
Does 69 divide 3204774?
True
Does 295 divide 375093393?
False
Is 28 a factor of 47609456?
False
Is 578 a factor of 552686596?
False
Is 1657 a factor of 94437692?
False
Is 2508374770 a multiple of 1200?
False
Is 19 a factor of 303818968?
True
Is 1424 a factor of 62513600?
True
Is 78603929 a multiple of 4617?
False
Does 246 divide 427746276?
True
Is 176676672 a multiple of 2808?
False
Does 119 divide 120371713?
True
Is 1716 a factor of 32017128?
True
Does 1156 divide 69066190?
False
Does 20 divide 996173098?
False
Is 183 a factor of 11034516?
False
Does 166 divide 4478071?
False
Is 83 a factor of 85324?
True
Does 304 divide 689294768?
True
Is 312620915 a multiple of 21?
False
Is 25571663 a multiple of 21?
False
Does 82 divide 41795798?
False
Is 8631138 a multiple of 561?
False
Is 7978289 a multiple of 14?
False
Is 2096786048 a multiple of 2421?
False
Is 14460190 a multiple of 91?
False
Does 10 divide 388730810?
True
Is 217762038 a multiple of 1534?
True
Is 16658131 a multiple of 8?
False
Does 1964 divide 870793867?
False
Does 8 divide 7133067?
False
Does 22 divide 56383170?
False
Is 211165028 a multiple of 318?
False
Is 27171312 a multiple of 2933?
True
Is 1437061 a multiple of 38?
False
Is 1524815547 a multiple of 8609?
False
Is 45 a factor of 579096180?
True
Is 37522056 a multiple of 676?
True
Is 47 a factor of 80225190?
False
Does 191 divide 292686299?
True
Does 56 divide 2332415?
False
Does 14 divide 189316271?
False
Is 1387633 a multiple of 173?
True
Is 42501855 a multiple of 55?
True
Is 2122656 a multiple of 6?
True
Is 913 a factor of 1472672652?
True
Is 2987 a factor of 281975787?
True
Is 4134564 a multiple of 126?
True
Is 7396754 a multiple of 23?
True
Is 1569703815 a multiple of 2225?
False
Is 2250 a factor of 7818750?
True
Does 622 divide 70788409?
False
Is 100932333 a multiple of 127?
False
Does 3 divide 176888837?
False
Is 45 a factor of 97030350?
True
Is 4797 a factor of 1708124701?
False
Is 15816632 a multiple of 3?
False
Is 11303990 a multiple of 262?
True
Does 44 divide 474287535?
False
Is 37 a factor of 134877095?
False
Does 77 divide 34934119?
False
Is 24683040 a multiple of 915?
True
Is 200 a factor of 61204400?
True
Is 6225 a factor of 1302606150?
True
Does 47 divide 44902390?
True
Is 221 a factor of 33209891?
True
Does 1898 divide 10152402?
True
Is 443794704 a multiple of 1016?
False
Is 36805782 a multiple of 13?
True
Is 10 a factor of 119557410?
True
Does 336 divide 24540432?
True
Is 2565 a factor of 1212408810?
True
Is 8718372 a multiple of 26?
True
Is 394 a factor of 33084464?
False
Is 1989 a factor of 292640511?
False
Is 857 a factor of 8605994?
True
Is 5 a factor of 7392700?
True
Does 1650 divide 406210723?
False
Is 213542680 a multiple of 21?
False
Is 1024 a factor of 53609716?
False
Is 3630690 a multiple of 189?
True
Is 614 a factor of 1508420446?
False
Does 43 divide 917846788?
False
Is 25 a factor of 7270951?
False
Does 6 divide 484739772?
True
Is 222 a factor of 1040484445?
False
Is 1144503 a multiple of 1311?
True
Is 496 a factor of 60758989?
False
Is 717010429 a multiple of 19?
True
Is 714 a factor of 17133858?
True
Is 17841524 a multiple of 4?
True
Does 383 divide 94488015?
True
Does 1846 divide 4745095004?
True
Does 598 divide 1262457534?
True
Does 4292 divide 131742940?
True
Is 270230070 a multiple of 330?
True
Does 25 divide 61399800?
True
Is 43611664 a multiple of 136?
True
Is 28569420 a multiple of 2115?
True
Does 55 divide 1713912518?
False
Is 1913871385 a multiple of 263?
False
Is 727 a factor of 561046983?
True
Is 14817972 a multiple of 134?
False
Is 983 a factor of 24259969?
False
Does 17 divide 3895641239?
True
Does 573 divide 717281400?
True
Is 21 a factor of 36191021?
False
Is 43322058 a multiple of 13?
True
Does 12 divide 116980956?
True
Is 379 a factor of 9259057?
False
Does 18 divide 48332682?
True
Is 46728578 a multiple of 26?
True
Does 87 divide 16663064?
False
Does 27 divide 78248133?
True
Is 30828757 a multiple of 531?
False
Does 833 divide 1329882001?
True
Is 7253598 a multiple of 4040?
False
Does 9 divide 190177116?
False
Is 17 a factor of 610433484?
True
Is 685 a factor of 221429212?
False
Is 10 a factor of 67406370?
True
Does 5 divide 1164832?
False
Is 39583458 a multiple of 27?
True
Is 30 a factor of 27111?
False
Does 218 divide 1696519164?
True
Is 703 a factor of 225899292?
False
Is 17 a factor of 268952869?
True
Is 42 a factor of 76148646?
True
Does 162 divide 53798742?
True
Is 813792 a multiple of 173?
True
Is 929 a factor of 46363603?
True
Does 76 divide 3784238?
False
Is 1740034014 a multiple of 64?
False
Does 17 divide 2823592513?
False
Does 98 divide 78712228?
True
Is 101378502 a multiple of 37?
False
Does 9 divide 63963389?
False
Is 29 a factor of 6703582?
True
Is 16923265 a multiple of 26?
False
Is 1018 a factor of 47382810?
True
Is 5 a factor of 84741293?
False
Is 10 a factor of 32347530?
True
Is 3 a factor of 315085520?
False
Is 255956584 a multiple of 104?
True
Is 1118 a factor of 920048038?
True
Is 5 a factor of 23474365?
True
Is 44684490 a multiple of 309?
True
Is 169984355 a multiple of 173?
False
Is 960908076 a multiple of 